{"id":209950,"date":"2024-08-01T08:48:01","date_gmt":"2024-08-01T13:48:01","guid":{"rendered":"https:\/\/ucm.edu.co\/biblioteca\/?page_id=209950"},"modified":"2025-08-06T12:01:41","modified_gmt":"2025-08-06T17:01:41","slug":"capacitaciones","status":"publish","type":"page","link":"https:\/\/ucm.edu.co\/biblioteca\/capacitaciones\/","title":{"rendered":"Capacitaciones"},"content":{"rendered":"\n<h2 class=\"wp-block-heading\">&nbsp;\u00a1Conoce la imperdible agenda de formaci\u00f3n en Cognos Community Publiciencia!<\/h2>\n\n\n\n<div style=\"height:20px\" aria-hidden=\"true\" class=\"wp-block-spacer\"><\/div>\n\n\n\n<h2 class=\"wp-block-heading\"><strong>Scopus<\/strong><\/h2>\n\n\n\n<div class=\"wp-block-columns are-vertically-aligned-center is-layout-flex wp-container-core-columns-is-layout-9d6595d7 wp-block-columns-is-layout-flex\">\n<div class=\"wp-block-column is-vertically-aligned-center is-layout-flow wp-block-column-is-layout-flow\" style=\"flex-basis:45%\">\n<figure class=\"wp-block-image size-full\"><img loading=\"lazy\" decoding=\"async\" width=\"1080\" height=\"1350\" src=\"https:\/\/ucm.edu.co\/biblioteca\/wp-content\/uploads\/2025\/08\/talleres-mbies-01.jpg\" alt=\"\" class=\"wp-image-209985\" srcset=\"https:\/\/ucm.edu.co\/biblioteca\/wp-content\/uploads\/2025\/08\/talleres-mbies-01.jpg 1080w, https:\/\/ucm.edu.co\/biblioteca\/wp-content\/uploads\/2025\/08\/talleres-mbies-01-980x1225.jpg 980w, https:\/\/ucm.edu.co\/biblioteca\/wp-content\/uploads\/2025\/08\/talleres-mbies-01-480x600.jpg 480w\" sizes=\"(min-width: 0px) and (max-width: 480px) 480px, (min-width: 481px) and (max-width: 980px) 980px, (min-width: 981px) 1080px, 100vw\" \/><\/figure>\n<\/div>\n\n\n\n<div class=\"wp-block-column is-vertically-aligned-center is-layout-flow wp-block-column-is-layout-flow\" style=\"flex-basis:55%\">\n<h2 class=\"wp-block-heading\"><strong>Desafiando el status quo de la investigaci\u00f3n social hacia una decolonizaci\u00f3n urgente de las Ciencias Sociales<\/strong><\/h2>\n\n\n\n<p><strong><u>14 de agosto<\/u><\/strong><\/p>\n\n\n\n<p>Desafiando el status quo de la investigaci\u00f3n social hacia una decolonizaci\u00f3n urgente de las Ciencias Sociales.<\/p>\n\n\n\n<div style=\"height:30px\" aria-hidden=\"true\" class=\"wp-block-spacer\"><\/div>\n\n\n\n<div class=\"wp-block-buttons is-layout-flex wp-block-buttons-is-layout-flex\">\n<div class=\"wp-block-button\"><a class=\"boton_generico wp-block-button__link wp-element-button\" href=\"https:\/\/tinyurl.com\/3tunf9r3\">Inscr\u00edbete aqu\u00ed<\/a><\/div>\n<\/div>\n<\/div>\n<\/div>\n\n\n\n<hr class=\"wp-block-separator has-text-color has-cyan-bluish-gray-color has-alpha-channel-opacity has-cyan-bluish-gray-background-color has-background\"\/>\n","protected":false},"excerpt":{"rendered":"<p>&nbsp;\u00a1Conoce la imperdible agenda de formaci\u00f3n en Cognos Community Publiciencia! Scopus Desafiando el status quo de la investigaci\u00f3n social hacia una decolonizaci\u00f3n urgente de las Ciencias Sociales 14 de agosto [&hellip;]<\/p>\n","protected":false},"author":2,"featured_media":0,"parent":0,"menu_order":0,"comment_status":"closed","ping_status":"closed","template":"","meta":{"_et_pb_use_builder":"off","_et_pb_old_content":"","_et_gb_content_width":"","footnotes":""},"class_list":["post-209950","page","type-page","status-publish","hentry"],"_links":{"self":[{"href":"https:\/\/ucm.edu.co\/biblioteca\/wp-json\/wp\/v2\/pages\/209950","targetHints":{"allow":["GET"]}}],"collection":[{"href":"https:\/\/ucm.edu.co\/biblioteca\/wp-json\/wp\/v2\/pages"}],"about":[{"href":"https:\/\/ucm.edu.co\/biblioteca\/wp-json\/wp\/v2\/types\/page"}],"author":[{"embeddable":true,"href":"https:\/\/ucm.edu.co\/biblioteca\/wp-json\/wp\/v2\/users\/2"}],"replies":[{"embeddable":true,"href":"https:\/\/ucm.edu.co\/biblioteca\/wp-json\/wp\/v2\/comments?post=209950"}],"version-history":[{"count":11,"href":"https:\/\/ucm.edu.co\/biblioteca\/wp-json\/wp\/v2\/pages\/209950\/revisions"}],"predecessor-version":[{"id":209989,"href":"https:\/\/ucm.edu.co\/biblioteca\/wp-json\/wp\/v2\/pages\/209950\/revisions\/209989"}],"wp:attachment":[{"href":"https:\/\/ucm.edu.co\/biblioteca\/wp-json\/wp\/v2\/media?parent=209950"}],"curies":[{"name":"wp","href":"https:\/\/api.w.org\/{rel}","templated":true}]}}