{"id":209046,"date":"2023-05-03T22:33:42","date_gmt":"2023-05-04T03:33:42","guid":{"rendered":"https:\/\/ucm.edu.co\/intranet\/?page_id=209046"},"modified":"2023-05-03T22:33:43","modified_gmt":"2023-05-04T03:33:43","slug":"estructura-organizacional","status":"publish","type":"page","link":"https:\/\/ucm.edu.co\/intranet\/estructura-organizacional\/","title":{"rendered":"Estructura Organizacional"},"content":{"rendered":"\n<h2 class=\"wp-block-heading\">Organismos de Gobierno<\/h2>\n\n\n\n<p>Son aquellos que definen las pol\u00edticas institucionales y toman las decisiones en relaci\u00f3n con la academia y la administraci\u00f3n, de acuerdo con la Misi\u00f3n de la Universidad, dentro del marco de legalidad de los Estatutos y de los Reglamentos. Son organismos de gobierno: el Consejo Superior, la Rector\u00eda, el Consejo de Rector\u00eda, el Consejo Acad\u00e9mico y los Consejos de Facultad.<\/p>\n\n\n\n<h2 class=\"wp-block-heading\">Organismos de Direcci\u00f3n<\/h2>\n\n\n\n<p>Son aquellos encargados de ejecutar las directrices, pol\u00edticas y planes institucionales definidos por la Universidad. Son organismos de direcci\u00f3n: las Vicerrector\u00edas, las Decanaturas, las Direcciones Acad\u00e9micas y Administrativas.<\/p>\n\n\n\n<h2 class=\"wp-block-heading\">Organismos de Control<\/h2>\n\n\n\n<p>Son los que regulan y controlan la gesti\u00f3n de los organismos de gobierno y direcci\u00f3n. Son organismos de control: la Revisor\u00eda Fiscal&nbsp;y la Auditor\u00eda Interna.&nbsp;<\/p>\n\n\n\n<h2 class=\"wp-block-heading\">Organismos Asesores<\/h2>\n\n\n\n<p>Son los encargados de apoyar las gestiones de los organismos de gobierno y de direcci\u00f3n. Son organismos asesores: la Asesor\u00eda Jur\u00eddica, la Asesor\u00eda Acad\u00e9mica y las Comisiones Institucionales.<\/p>\n","protected":false},"excerpt":{"rendered":"<p>Organismos de Gobierno Son aquellos que definen las pol\u00edticas institucionales y toman las decisiones en relaci\u00f3n con la academia y la administraci\u00f3n, de acuerdo con la Misi\u00f3n de la Universidad, [&hellip;]<\/p>\n","protected":false},"author":2,"featured_media":0,"parent":0,"menu_order":279,"comment_status":"closed","ping_status":"closed","template":"","meta":{"_et_pb_use_builder":"off","_et_pb_old_content":"","_et_gb_content_width":"","_monsterinsights_skip_tracking":false,"_monsterinsights_sitenote_active":false,"_monsterinsights_sitenote_note":"","_monsterinsights_sitenote_category":0,"footnotes":""},"class_list":["post-209046","page","type-page","status-publish","hentry"],"_links":{"self":[{"href":"https:\/\/ucm.edu.co\/intranet\/wp-json\/wp\/v2\/pages\/209046","targetHints":{"allow":["GET"]}}],"collection":[{"href":"https:\/\/ucm.edu.co\/intranet\/wp-json\/wp\/v2\/pages"}],"about":[{"href":"https:\/\/ucm.edu.co\/intranet\/wp-json\/wp\/v2\/types\/page"}],"author":[{"embeddable":true,"href":"https:\/\/ucm.edu.co\/intranet\/wp-json\/wp\/v2\/users\/2"}],"replies":[{"embeddable":true,"href":"https:\/\/ucm.edu.co\/intranet\/wp-json\/wp\/v2\/comments?post=209046"}],"version-history":[{"count":1,"href":"https:\/\/ucm.edu.co\/intranet\/wp-json\/wp\/v2\/pages\/209046\/revisions"}],"predecessor-version":[{"id":209047,"href":"https:\/\/ucm.edu.co\/intranet\/wp-json\/wp\/v2\/pages\/209046\/revisions\/209047"}],"wp:attachment":[{"href":"https:\/\/ucm.edu.co\/intranet\/wp-json\/wp\/v2\/media?parent=209046"}],"curies":[{"name":"wp","href":"https:\/\/api.w.org\/{rel}","templated":true}]}}