{"id":209049,"date":"2021-03-04T09:19:37","date_gmt":"2021-03-04T14:19:37","guid":{"rendered":"https:\/\/ucm.edu.co\/intranet\/?page_id=209049"},"modified":"2026-02-17T08:30:05","modified_gmt":"2026-02-17T13:30:05","slug":"bienestar","status":"publish","type":"page","link":"https:\/\/ucm.edu.co\/intranet\/bienestar\/","title":{"rendered":"Bienestar"},"content":{"rendered":"\n<h2 class=\"wp-block-heading\">Vicerrector\u00eda de Bienestar y Pastoral Universitaria<\/h2>\n\n\n\n<figure class=\"wp-block-embed is-type-video is-provider-youtube wp-block-embed-youtube wp-embed-aspect-16-9 wp-has-aspect-ratio\"><div class=\"wp-block-embed__wrapper\">\n<iframe loading=\"lazy\" title=\"Esta es la Vicerrector\u00eda de Bienestar y Pastoral Universitaria UCM\" width=\"1080\" height=\"608\" src=\"https:\/\/www.youtube.com\/embed\/-aAOWltCV58?feature=oembed\"  allow=\"accelerometer; autoplay; clipboard-write; encrypted-media; gyroscope; picture-in-picture; web-share\" referrerpolicy=\"strict-origin-when-cross-origin\" allowfullscreen><\/iframe>\n<\/div><\/figure>\n\n\n\n<p>Bienestar en L\u00ednea de la Vicerrector\u00eda de Bienestar y Pastoral se concibe como el eje transversal de la Universidad Cat\u00f3lica de Manizales, que orienta su misi\u00f3n hacia el desarrollo humano \u2013 cristiano, desde el acompa\u00f1amiento a los miembros UCM que participan de las modalidades de formaci\u00f3n presencial, a distancia y virtual, a trav\u00e9s del desarrollo de estrategias de acompa\u00f1amiento que se ejecutan por medio de diversas plataformas tecnol\u00f3gicas en las que se encuentra informaci\u00f3n importante.<\/p>\n\n\n\n<div style=\"height:20px\" aria-hidden=\"true\" class=\"wp-block-spacer\"><\/div>\n\n\n\n<div class=\"wp-block-buttons is-layout-flex wp-block-buttons-is-layout-flex\">\n<div class=\"wp-block-button\"><a class=\"boton_generico wp-block-button__link\" href=\"https:\/\/www.ucm.edu.co\/wp-content\/uploads\/2022\/06\/modelo-de-bienestar-y-pastoral-universitaria.pdf\" target=\"_blank\" rel=\"noreferrer noopener\">Conoce nuestro Modelo de Bienestar y Pastoral Universitaria<\/a><\/div>\n<\/div>\n","protected":false},"excerpt":{"rendered":"<p>Vicerrector\u00eda de Bienestar y Pastoral Universitaria Bienestar en L\u00ednea de la Vicerrector\u00eda de Bienestar y Pastoral se concibe como el eje transversal de la Universidad Cat\u00f3lica de Manizales, que orienta [&hellip;]<\/p>\n","protected":false},"author":2,"featured_media":222816,"parent":0,"menu_order":310,"comment_status":"closed","ping_status":"closed","template":"","meta":{"_et_pb_use_builder":"off","_et_pb_old_content":"","_et_gb_content_width":"","_monsterinsights_skip_tracking":false,"_monsterinsights_sitenote_active":false,"_monsterinsights_sitenote_note":"","_monsterinsights_sitenote_category":0,"footnotes":""},"class_list":["post-209049","page","type-page","status-publish","has-post-thumbnail","hentry"],"_links":{"self":[{"href":"https:\/\/ucm.edu.co\/intranet\/wp-json\/wp\/v2\/pages\/209049","targetHints":{"allow":["GET"]}}],"collection":[{"href":"https:\/\/ucm.edu.co\/intranet\/wp-json\/wp\/v2\/pages"}],"about":[{"href":"https:\/\/ucm.edu.co\/intranet\/wp-json\/wp\/v2\/types\/page"}],"author":[{"embeddable":true,"href":"https:\/\/ucm.edu.co\/intranet\/wp-json\/wp\/v2\/users\/2"}],"replies":[{"embeddable":true,"href":"https:\/\/ucm.edu.co\/intranet\/wp-json\/wp\/v2\/comments?post=209049"}],"version-history":[{"count":21,"href":"https:\/\/ucm.edu.co\/intranet\/wp-json\/wp\/v2\/pages\/209049\/revisions"}],"predecessor-version":[{"id":222815,"href":"https:\/\/ucm.edu.co\/intranet\/wp-json\/wp\/v2\/pages\/209049\/revisions\/222815"}],"wp:featuredmedia":[{"embeddable":true,"href":"https:\/\/ucm.edu.co\/intranet\/wp-json\/wp\/v2\/media\/222816"}],"wp:attachment":[{"href":"https:\/\/ucm.edu.co\/intranet\/wp-json\/wp\/v2\/media?parent=209049"}],"curies":[{"name":"wp","href":"https:\/\/api.w.org\/{rel}","templated":true}]}}

<h2 class="wp-block-heading">Vicerrectoría de Bienestar y Pastoral Universitaria</h2>



<figure class="wp-block-embed is-type-video is-provider-youtube wp-block-embed-youtube wp-embed-aspect-16-9 wp-has-aspect-ratio"><div class="wp-block-embed__wrapper">
<iframe loading="lazy" title="Esta es la Vicerrectoría de Bienestar y Pastoral Universitaria UCM" width="1080" height="608" src="https://www.youtube.com/embed/-aAOWltCV58?feature=oembed"  allow="accelerometer; autoplay; clipboard-write; encrypted-media; gyroscope; picture-in-picture; web-share" referrerpolicy="strict-origin-when-cross-origin" allowfullscreen></iframe>
</div></figure>



<p>Bienestar en Línea de la Vicerrectoría de Bienestar y Pastoral se concibe como el eje transversal de la Universidad Católica de Manizales, que orienta su misión hacia el desarrollo humano – cristiano, desde el acompañamiento a los miembros UCM que participan de las modalidades de formación presencial, a distancia y virtual, a través del desarrollo de estrategias de acompañamiento que se ejecutan por medio de diversas plataformas tecnológicas en las que se encuentra información importante.</p>



<div style="height:20px" aria-hidden="true" class="wp-block-spacer"></div>



<div class="wp-block-buttons is-layout-flex wp-block-buttons-is-layout-flex">
<div class="wp-block-button"><a class="boton_generico wp-block-button__link" href="https://www.ucm.edu.co/wp-content/uploads/2022/06/modelo-de-bienestar-y-pastoral-universitaria.pdf" target="_blank" rel="noreferrer noopener">Conoce nuestro Modelo de Bienestar y Pastoral Universitaria</a></div>
</div>

<p>Vicerrectoría de Bienestar y Pastoral Universitaria Bienestar en Línea de la Vicerrectoría de Bienestar y Pastoral se concibe como el eje transversal de la Universidad Católica de Manizales, que orienta [&hellip;]</p>
