{"id":210989,"date":"2025-05-09T08:52:27","date_gmt":"2025-05-09T13:52:27","guid":{"rendered":"https:\/\/ucm.edu.co\/ssst\/?page_id=210989"},"modified":"2025-05-09T08:58:14","modified_gmt":"2025-05-09T13:58:14","slug":"comite-de-seguridad-vial","status":"publish","type":"page","link":"https:\/\/ucm.edu.co\/ssst\/comite-de-seguridad-vial\/","title":{"rendered":"Comit\u00e9 de Seguridad Vial"},"content":{"rendered":"\n<figure class=\"wp-block-image aligncenter size-full is-resized\"><img loading=\"lazy\" decoding=\"async\" width=\"800\" height=\"1760\" src=\"https:\/\/ucm.edu.co\/ssst\/wp-content\/uploads\/2025\/05\/seguridad-vial-ssst.jpg\" alt=\"\" class=\"wp-image-211005\" style=\"width:800px\" srcset=\"https:\/\/ucm.edu.co\/ssst\/wp-content\/uploads\/2025\/05\/seguridad-vial-ssst.jpg 800w, https:\/\/ucm.edu.co\/ssst\/wp-content\/uploads\/2025\/05\/seguridad-vial-ssst-480x1056.jpg 480w\" sizes=\"(min-width: 0px) and (max-width: 480px) 480px, (min-width: 481px) 800px, 100vw\" \/><\/figure>\n\n\n\n<h3 class=\"wp-block-heading\">Actividades realizadas por el comit\u00e9 de Seguridad Vial<\/h3>\n\n\n\n<figure class=\"wp-block-gallery has-nested-images columns-default wp-block-gallery-1 is-layout-flex wp-block-gallery-is-layout-flex\">\n<figure class=\"wp-block-image size-large\"><img loading=\"lazy\" decoding=\"async\" width=\"800\" height=\"763\" data-id=\"210991\" src=\"https:\/\/ucm.edu.co\/ssst\/wp-content\/uploads\/2025\/05\/comite-seguridad-vial-02.jpg\" alt=\"\" class=\"wp-image-210991\" srcset=\"https:\/\/ucm.edu.co\/ssst\/wp-content\/uploads\/2025\/05\/comite-seguridad-vial-02.jpg 800w, https:\/\/ucm.edu.co\/ssst\/wp-content\/uploads\/2025\/05\/comite-seguridad-vial-02-480x458.jpg 480w\" sizes=\"(min-width: 0px) and (max-width: 480px) 480px, (min-width: 481px) 800px, 100vw\" \/><\/figure>\n\n\n\n<figure class=\"wp-block-image size-large\"><img loading=\"lazy\" decoding=\"async\" width=\"800\" height=\"568\" data-id=\"210992\" src=\"https:\/\/ucm.edu.co\/ssst\/wp-content\/uploads\/2025\/05\/comite-seguridad-vial-03.jpg\" alt=\"\" class=\"wp-image-210992\" srcset=\"https:\/\/ucm.edu.co\/ssst\/wp-content\/uploads\/2025\/05\/comite-seguridad-vial-03.jpg 800w, https:\/\/ucm.edu.co\/ssst\/wp-content\/uploads\/2025\/05\/comite-seguridad-vial-03-480x341.jpg 480w\" sizes=\"(min-width: 0px) and (max-width: 480px) 480px, (min-width: 481px) 800px, 100vw\" \/><\/figure>\n<\/figure>\n\n\n\n<p><\/p>\n\n\n\n<p><strong>En el a\u00f1o 2024 se realizaron dos jornadas de Salud<\/strong><\/p>\n\n\n\n<figure class=\"wp-block-image aligncenter size-full is-resized\"><img loading=\"lazy\" decoding=\"async\" width=\"800\" height=\"599\" src=\"https:\/\/ucm.edu.co\/ssst\/wp-content\/uploads\/2025\/05\/comite-seguridad-vial-04.jpg\" alt=\"\" class=\"wp-image-210993\" style=\"width:650px\" srcset=\"https:\/\/ucm.edu.co\/ssst\/wp-content\/uploads\/2025\/05\/comite-seguridad-vial-04.jpg 800w, https:\/\/ucm.edu.co\/ssst\/wp-content\/uploads\/2025\/05\/comite-seguridad-vial-04-480x359.jpg 480w\" sizes=\"(min-width: 0px) and (max-width: 480px) 480px, (min-width: 481px) 800px, 100vw\" \/><\/figure>\n\n\n\n<p>\u201cPromover una cultura en la prevenci\u00f3n de accidentes de tr\u00e1nsito en los integrantes de la comunidad UCM, haciendo \u00e9nfasis en la adopci\u00f3n de comportamientos seguros en la v\u00eda, contribuyendo en su comportamiento en materia vial y de esta manera aportar a la reducci\u00f3n de la accidentalidad vial y disminuir los efectos que \u00e9sta pueda generar\u201d<\/p>\n\n\n\n<p><\/p>\n\n\n\n<p><strong>La UCM realiza capacitaci\u00f3n para prevenir la siniestraliad en la v\u00eda<\/strong><\/p>\n\n\n\n<figure class=\"wp-block-gallery has-nested-images columns-default wp-block-gallery-2 is-layout-flex wp-block-gallery-is-layout-flex\">\n<figure class=\"wp-block-image size-large\"><img loading=\"lazy\" decoding=\"async\" width=\"800\" height=\"597\" data-id=\"210999\" src=\"https:\/\/ucm.edu.co\/ssst\/wp-content\/uploads\/2025\/05\/comite-seguridad-vial-05.jpg\" alt=\"\" class=\"wp-image-210999\" srcset=\"https:\/\/ucm.edu.co\/ssst\/wp-content\/uploads\/2025\/05\/comite-seguridad-vial-05.jpg 800w, https:\/\/ucm.edu.co\/ssst\/wp-content\/uploads\/2025\/05\/comite-seguridad-vial-05-480x358.jpg 480w\" sizes=\"(min-width: 0px) and (max-width: 480px) 480px, (min-width: 481px) 800px, 100vw\" \/><\/figure>\n\n\n\n<figure class=\"wp-block-image size-large\"><img loading=\"lazy\" decoding=\"async\" width=\"800\" height=\"804\" data-id=\"211000\" src=\"https:\/\/ucm.edu.co\/ssst\/wp-content\/uploads\/2025\/05\/comite-seguridad-vial-06.jpg\" alt=\"\" class=\"wp-image-211000\" srcset=\"https:\/\/ucm.edu.co\/ssst\/wp-content\/uploads\/2025\/05\/comite-seguridad-vial-06.jpg 800w, https:\/\/ucm.edu.co\/ssst\/wp-content\/uploads\/2025\/05\/comite-seguridad-vial-06-480x482.jpg 480w\" sizes=\"(min-width: 0px) and (max-width: 480px) 480px, (min-width: 481px) 800px, 100vw\" \/><\/figure>\n<\/figure>\n","protected":false},"excerpt":{"rendered":"<p>Actividades realizadas por el comit\u00e9 de Seguridad Vial En el a\u00f1o 2024 se realizaron dos jornadas de Salud \u201cPromover una cultura en la prevenci\u00f3n de accidentes de tr\u00e1nsito en los [&hellip;]<\/p>\n","protected":false},"author":2,"featured_media":0,"parent":0,"menu_order":2,"comment_status":"closed","ping_status":"closed","template":"","meta":{"_et_pb_use_builder":"off","_et_pb_old_content":"","_et_gb_content_width":"","footnotes":""},"class_list":["post-210989","page","type-page","status-publish","hentry"],"_links":{"self":[{"href":"https:\/\/ucm.edu.co\/ssst\/wp-json\/wp\/v2\/pages\/210989","targetHints":{"allow":["GET"]}}],"collection":[{"href":"https:\/\/ucm.edu.co\/ssst\/wp-json\/wp\/v2\/pages"}],"about":[{"href":"https:\/\/ucm.edu.co\/ssst\/wp-json\/wp\/v2\/types\/page"}],"author":[{"embeddable":true,"href":"https:\/\/ucm.edu.co\/ssst\/wp-json\/wp\/v2\/users\/2"}],"replies":[{"embeddable":true,"href":"https:\/\/ucm.edu.co\/ssst\/wp-json\/wp\/v2\/comments?post=210989"}],"version-history":[{"count":6,"href":"https:\/\/ucm.edu.co\/ssst\/wp-json\/wp\/v2\/pages\/210989\/revisions"}],"predecessor-version":[{"id":211006,"href":"https:\/\/ucm.edu.co\/ssst\/wp-json\/wp\/v2\/pages\/210989\/revisions\/211006"}],"wp:attachment":[{"href":"https:\/\/ucm.edu.co\/ssst\/wp-json\/wp\/v2\/media?parent=210989"}],"curies":[{"name":"wp","href":"https:\/\/api.w.org\/{rel}","templated":true}]}}